isor of 39 and 26?
13
What is the greatest common factor of 12 and 7806?
6
Calculate the highest common factor of 368 and 720.
16
What is the greatest common divisor of 88 and 330?
22
What is the highest common divisor of 5567 and 19?
19
Calculate the greatest common divisor of 2 and 398.
2
Calculate the highest common factor of 84 and 35.
7
What is the greatest common divisor of 351 and 81?
27
What is the highest common factor of 2 and 17?
1
Calculate the highest common factor of 7 and 4.
1
What is the greatest common divisor of 8 and 1636?
4
Calculate the greatest common factor of 99 and 165.
33
What is the greatest common factor of 11 and 3652?
11
Calculate the greatest common factor of 112 and 64.
16
Calculate the greatest common factor of 44 and 132.
44
What is the greatest common factor of 361 and 1444?
361
Calculate the highest common factor of 54 and 588.
6
What is the highest common factor of 14874 and 148?
74
What is the greatest common factor of 4689 and 9?
9
What is the greatest common factor of 248 and 31?
31
What is the highest common divisor of 143 and 77?
11
Calculate the greatest common divisor of 56 and 248.
8
Calculate the greatest common factor of 574 and 1189.
41
Calculate the greatest common factor of 209 and 44.
11
What is the greatest common divisor of 264 and 220?
44
What is the highest common factor of 3525 and 275?
25
Calculate the highest common divisor of 174 and 1682.
58
What is the highest common factor of 168 and 24?
24
What is the highest common factor of 510 and 425?
85
Calculate the highest common factor of 5845 and 77.
7
Calculate the greatest common divisor of 5 and 10.
5
Calculate the highest common factor of 20 and 810.
10
What is the greatest common divisor of 430 and 1677?
43
What is the greatest common divisor of 6 and 46?
2
What is the highest common divisor of 64 and 416?
32
What is the greatest common factor of 13 and 1261?
13
What is the greatest common divisor of 10506 and 1030?
206
Calculate the highest common factor of 2750 and 11.
11
Calculate the greatest common factor of 35 and 343.
7
What is the highest common factor of 682 and 3058?
22
What is the greatest common factor of 1441 and 6681?
131
Calculate the highest common factor of 3168 and 99.
99
Calculate the highest common divisor of 3 and 375.
3
What is the greatest common factor of 334 and 1837?
167
Calculate the highest common factor of 5324 and 4.
4
Calculate the greatest common factor of 26 and 1937.
13
Calculate the highest common divisor of 126 and 14.
14
What is the highest common factor of 136 and 16?
8
What is the highest common divisor of 20 and 250?
10
Calculate the greatest common divisor of 58 and 290.
58
What is the highest common divisor of 3053 and 213?
71
What is the greatest common factor of 32 and 44?
4
What is the highest common divisor of 190 and 3192?
38
Calculate the highest common divisor of 10 and 710.
10
What is the greatest common factor of 60 and 615?
15
What is the greatest common factor of 36 and 36?
36
Calculate the greatest common factor of 31554 and 18.
18
What is the highest common factor of 128 and 464?
16
What is the highest common divisor of 11 and 99?
11
What is the highest common divisor of 969 and 51?
51
Calculate the greatest common factor of 45 and 75.
15
Calculate the highest common factor of 40 and 29560.
40
What is the greatest common divisor of 108 and 81?
27
Calculate the greatest common divisor of 6 and 6.
6
What is the highest common divisor of 824 and 24?
8
Calculate the highest common divisor of 6 and 582.
6
What is the greatest common factor of 184 and 6?
2
Calculate the highest common divisor of 40 and 5.
5
Calculate the highest common factor of 575 and 92.
23
Calculate the greatest common factor of 384 and 13568.
128
What is the highest common factor of 78 and 2496?
78
What is the greatest common divisor of 1152 and 36?
36
Calculate the highest common factor of 24 and 7596.
12
What is the highest common divisor of 30458 and 97?
97
What is the highest common divisor of 14 and 17262?
14
Calculate the highest common divisor of 3008 and 47.
47
What is the highest common factor of 52 and 468?
52
What is the highest common factor of 284 and 268?
4
Calculate the highest common factor of 341 and 11.
11
Calculate the greatest common divisor of 42 and 294.
42
Calculate the greatest common factor of 119 and 136.
17
Calculate the greatest common divisor of 240 and 96.
48
Calculate the highest common divisor of 5 and 605.
5
Calculate the highest common factor of 11 and 29.
1
What is the highest common divisor of 851 and 74?
37
What is the highest common factor of 604 and 10?
2
What is the highest common factor of 203 and 87?
29
Calculate the greatest common divisor of 336 and 1596.
84
What is the greatest common factor of 41 and 164?
41
Calculate the highest common divisor of 144 and 18.
18
What is the highest common factor of 80 and 3240?
40
What is the highest common divisor of 2135 and 488?
61
Calculate the highest common divisor of 49 and 2.
1
Calculate the greatest common divisor of 192 and 14496.
96
What is the greatest common divisor of 43 and 301?
43
What is the highest common divisor of 121 and 165?
11
Calculate the highest common divisor of 53 and 106.
53
Calculate the greatest common divisor of 655 and 1441.
131
What is the greatest common factor of 7 and 133?
7
What is the greatest common divisor of 473 and 129?
43
What is the greatest common divisor of 1162 and 42?
14
Calculate the greatest common factor of 28 and 9996.
28
What is the greatest common factor of 480 and 416?
32
What is the greatest common divisor of 325 and 450?
25
Calculate the highest common divisor of 77 and 35.
7
What is the highest common factor of 2052 and 57?
57
What is the highest common factor of 2553 and 111?
111
Calculate the highest common factor of 2163 and 42.
21
What is the highest common divisor of 366 and 2501?
61
Calculate the greatest common factor of 10 and 95.
5
What is the highest common factor of 248 and 76136?
248
What is the greatest common factor of 55 and 352?
11
Calculate the greatest common factor of 2493 and 9.
9
What is the highest common divisor of 56 and 1078?
14
What is the greatest common divisor of 1696 and 160?
32
What is the highest common factor of 174 and 78?
6
What is the greatest common factor of 270 and 450?
90
Calculate the highest common divisor of 920 and 40.
40
What is the highest common factor of 32 and 28264?
8
What is the highest common divisor of 130 and 26?
26
What is the highest common divisor of 275 and 50?
25
What is the highest common factor of 987 and 56?
7
Calculate the highest common factor of 24 and 78.
6
Calculate the greatest common factor of 41 and 1.
1
What is the greatest common factor of 3280 and 160?
80
What is the greatest common factor of 176 and 896?
16
What is the greatest common divisor of 586 and 2?
2
What is the highest common factor of 37 and 851?
37
Calculate the highest common factor of 46 and 4462.
46
Calculate the greatest common divisor of 117 and 104.
13
Calculate the greatest common divisor of 485 and 1649.
97
What is the highest common divisor of 129466 and 19?
19
What is the highest common factor of 76 and 1900?
76
What is the highest common factor of 13 and 2561?
13
What is the highest common factor of 1265 and 22?
11
What is the highest common factor of 35 and 63?
7
Calculate the highest common factor of 80 and 410.
10
What is the greatest common factor of 6 and 483?
3
What is the highest common divisor of 81 and 135?
27
What is the highest common factor of 6 and 402?
6
What is the highest common factor of 414 and 391?
23
Calculate the greatest common factor of 182 and 598.
26
What is the highest common divisor of 126 and 6?
6
Calculate the highest common factor of 368 and 64.
16
What is the greatest common factor of 48 and 12?
12
What is the highest common factor of 17056 and 16?
16
What is the highest common factor of 2937 and 66?
33
What is the greatest common divisor of 252 and 228?
12
Calculate the greatest common factor of 330 and 1110.
30
Calculate the greatest common factor of 245 and 175.
35
Calculate the highest common factor of 666 and 555.
111
Calculate the greatest common factor of 602 and 42.
14
Calculate the greatest